(b) = 4890220*b - 4890207. Determine u(1).
13
Let f(z) = z**2 + 1789*z - 97682. Determine f(53).
-56
Let i(w) = w**2 - 1176*w - 658274. Give i(-414).
-14
Let b(p) = 22*p**3 - 7*p**2 + 11*p + 30. Calculate b(2).
200
Let u(j) = j**3 - j**2 - 619*j - 3917. What is u(-7)?
24
Let h(c) = -635526*c - 10168404. What is h(-16)?
12
Let n(c) = -2*c**2 + 128*c + 8404. Calculate n(105).
-206
Let u(b) = b**3 - 29*b**2 + 171*b - 271. What is u(4)?
13
Let d(y) = -121*y + 13246. What is d(90)?
2356
Let y(a) = 15955*a - 4802452. Determine y(301).
3
Let s(o) = -o**3 + 14*o**2 + 56*o - 566. What is s(15)?
49
Let u(g) = -g**3 - 61*g**2 + 4794*g - 74. Calculate u(45).
1006
Let p(h) = -173*h - 17886. Give p(-105).
279
Let z(i) = -i**3 + 21*i**2 - 66*i + 517. Calculate z(18).
301
Let z(n) = 229*n + 22388. Give z(-98).
-54
Let y(u) = -u**2 + 17*u + 1540. Give y(53).
-368
Let p(f) = -16*f**3 - 493*f**2 + 98*f + 134. Determine p(-31).
-21
Let u(o) = 5*o**2 - 111*o - 215. Determine u(-3).
163
Let z(a) = 659*a - 500. Give z(-1).
-1159
Let t(i) = -10*i**3 + 1481*i**2 - 147*i - 148. What is t(148)?
0
Let g(v) = -115*v**3 + v**2 - 19*v + 18. Calculate g(1).
-115
Let x(a) = -a**3 - 14974*a**2 - 119710*a + 18. Calculate x(-8).
-126
Let s(t) = 68237*t + 887066. What is s(-13)?
-15
Let c(q) = -86*q**2 + 18460*q + 6500. Calculate c(215).
50
Let g(b) = -23*b**3 + 54*b**2 - 227*b - 1. Give g(4).
-1517
Let d(f) = -130*f + 5100. What is d(30)?
1200
Let c(h) = 2972*h**2 + 29730*h + 62. What is c(-10)?
-38
Let k(b) = -1693751*b - 3387497. What is k(-2)?
5
Let b(r) = -r**2 - 347*r - 29958. Give b(-161).
-12
Let y(o) = o**3 + 15*o**2 - 73*o + 183. Calculate y(-19).
126
Let d(z) = 3*z**3 + 183*z**2 - 373*z + 309. Give d(-63).
-6
Let z(b) = 211*b**2 + 295*b + 86. Determine z(-1).
2
Let o(d) = -d**3 - 872*d**2 + 5235*d + 2. Calculate o(6).
-196
Let u(o) = -58*o**2 + 17504*o + 2413. Calculate u(302).
-1211
Let i(y) = -12*y**3 - 48*y**2 - 29*y - 9. Determine i(6).
-4503
Let b(d) = 2*d**2 - 770*d + 45526. What is b(73)?
-26
Let k(t) = 706*t**3 + 2*t**2 - 21*t - 23. Determine k(-1).
-706
Let r(y) = y**3 + 78*y**2 + 143*y - 26. What is r(-2)?
-8
Let o(i) = 46*i**3 - 116*i**2 - 326*i + 5. Give o(-3).
-1303
Let f(p) = 5*p**3 - 143*p**2 + 728*p - 41. Determine f(22).
3
Let y(p) = p**2 + 1876*p - 20760. Give y(11).
-3
Let w(m) = m**3 + 36*m**2 + 85*m - 290. What is w(-33)?
172
Let k(v) = 6*v**3 - 3*v**2 - 90*v + 453. Determine k(4).
429
Let z(h) = 376*h - 3386. What is z(14)?
1878
Let r(q) = q**3 - 23*q**2 - 28177*q + 703200. What is r(25)?
25
Let c(f) = -57*f**3 + 14935*f**2 - 257*f - 1305. Give c(262).
5
Let r(b) = -b**3 + 49*b**2 + 462*b + 35. What is r(-8)?
-13
Let w(t) = 156864*t - 2352963. Determine w(15).
-3
Let n(w) = w**3 + 16*w**2 - 95*w - 392. Give n(-18).
670
Let i(o) = -o**3 + 97*o**2 + 6963*o + 37. Give i(-48).
-107
Let i(x) = 264417*x - 264457. Calculate i(1).
-40
Let z(v) = -2*v**3 + 2*v**2 + 415*v - 1683. Calculate z(4).
-119
Let s(c) = -c**2 + 373*c + 11225. Calculate s(401).
-3
Let g(p) = -149*p**2 + 428*p + 43. Determine g(3).
-14
Let a(z) = 2*z**2 + 132*z + 691. Determine a(-62).
195
Let u(m) = -475840*m - 5234278. Give u(-11).
-38
Let z(s) = -208*s**3 + 2*s**2 + 12*s - 20. Give z(1).
-214
Let h(y) = 1017*y**3 - 3*y**2 - 54*y - 54. Determine h(-1).
-1020
Let v(q) = -q**3 - 7871*q**2 - 321032*q - 80. What is v(-41)?
2
Let k(z) = 2*z**2 - 2072*z - 345126. Calculate k(-146).
18
Let g(d) = d**3 + 12*d**2 + 826*d + 6407. What is g(-8)?
55
Let r(a) = a**3 - 126*a**2 - 2372*a + 298878. Determine r(126).
6
Let d(m) = 2*m**2 - 233619*m + 233620. What is d(1)?
3
Let r(m) = -m**3 - 41*m**2 - 145*m - 255. Give r(-13).
-3102
Let q(k) = k**2 - 564*k + 4048. Give q(7).
149
Let i(p) = -15*p**2 - 892*p - 10210. Determine i(-44).
-2
Let w(p) = 18*p**2 - 3231*p - 2922. What is w(180)?
-1302
Let v(j) = -53682*j + 644291. Determine v(12).
107
Let r(b) = 176209*b - 3700397. Calculate r(21).
-8
Let j(t) = 7*t**3 + 174*t**2 + 150*t - 14. What is j(-24)?
-158
Let g(n) = -n**2 + 144*n - 1075. Determine g(6).
-247
Let b(n) = 11*n**2 - 1216*n + 23223. Give b(19).
4090
Let p(r) = -17531*r - 4663255. What is p(-266)?
-9
Let j(a) = a**3 + 19*a**2 + 632*a + 12044. What is j(-19)?
36
Let p(h) = h**3 - 134*h**2 - 133*h - 18898. What is p(136)?
6
Let o(a) = -a**2 + 94*a - 533. Give o(103).
-1460
Let d(t) = 131*t**3 + 18*t**2 - 12*t - 6. Determine d(1).
131
Let p(a) = a**2 - 53929*a + 323497. Determine p(6).
-41
Let a(o) = -o**3 - 59*o**2 - 786*o + 347. Give a(-21).
95
Let x(z) = -2*z**3 - 88*z**2 - 641*z - 426. Determine x(-35).
-41
Let r(k) = -13*k - 52. Determine r(8).
-156
Let t(k) = 64*k**2 + 20*k + 118. Give t(-5).
1618
Let q(k) = -k**3 - 47*k**2 - 366*k - 14595. Give q(-46).
125
Let z(q) = 2*q**3 - 3*q**2 - 105*q - 1110. Calculate z(-10).
-2360
Let z(c) = c**3 + 40*c**2 - 368*c - 101. Determine z(8).
27
Let o(n) = 181722*n - 726851. Determine o(4).
37
Let i(x) = x**3 - 29*x**2 + 240*x - 748. What is i(9)?
-208
Let h(j) = -22333*j - 67206. What is h(-3)?
-207
Let d(t) = -8309*t + 107969. Calculate d(13).
-48
Let z(i) = -6*i**3 + 215*i**2 - 291*i - 239. Calculate z(35).
-4299
Let s(y) = 189*y + 26093. Determine s(-138).
11
Let f(i) = -10*i**2 + 1157*i + 5. Calculate f(116).
-343
Let j(p) = -2*p**2 + 132*p - 1427. Determine j(60).
-707
Let q(l) = 4*l**2 + 12103*l + 465958. Determine q(-39).
25
Let g(p) = 3674*p + 61817. Calculate g(-17).
-641
Let n(m) = 2*m**3 + 27*m**2 - 114*m - 90. Calculate n(6).
630
Let r(t) = -5*t**2 - 1647*t - 558. Calculate r(-329).
100
Let l(u) = 873*u**2 + 240957*u + 2579. Determine l(-276).
95
Let q(z) = 458*z + 54927. Determine q(-120).
-33
Let b(f) = 1141*f - 48733. Give b(43).
330
Let l(f) = 4*f**3 + 338*f**2 - 866*f + 365. What is l(-87)?
17
Let g(w) = -w**3 + 1350*w**2 - 1401*w + 70134. Calculate g(1349).
-14
Let t(l) = l**3 - 3*l**2 + 258*l + 2312. Calculate t(-7).
16
Let a(f) = f**3 + 80*f**2 - 145*f + 655. Give a(-82).
-903
Let n(t) = -313346*t - 17860720. Calculate n(-57).
2
Let b(y) = 7286*y + 2404400. Calculate b(-330).
20
Let z(c) = 70*c + 28433. Give z(-406).
13
Let x(i) = i**3 - 54*i**2 - 727*i - 330. Determine x(65).
-1110
Let k(c) = c**2 - 2788*c + 312550. Determine k(117).
43
Let z(l) = 3788*l - 106063. Determine z(28).
1
Let u(r) = 4*r**2 - 30*r - 130. Give u(-4).
54
Let k(t) = -652984*t + 75093154. Determine k(115).
-6
Let y(r) = -2*r**3 - 108*r**2 + 451*r + 18723. What is y(-55)?
-32
Let z(p) = -693*p + 41610. What is z(60)?
30
Let h(d) = 35*d**2 - 71*d - 67. Give h(-1).
39
Let l(c) = 2694*c**2 - 7343847*c + 8167. Give l(2726).
-11
Let q(n) = 1025*n - 10039. Calculate q(11).
1236
Let d(j) = -j**3 - 3*j**2 - 73032*j + 73031. Give d(1).
-5
Let q(b) = b**2 - 284*b - 63. Give q(0).
-63
Let g(y) = y**3 + 148*y**2 - 306*y - 762. Calculate g(-150).
138
Let j(o) = 2*o**3 + 378*o**2 + 1138*o + 4085. What is j(-186)?
-7
Let l(v) = -v**2 + 270*v - 9762. Determine l(43).
-1
Let n(j) = -j**3 - 127*j**2 + 1300*j + 9778. What is n(-136)?
-558
Let q(w) = w**3 - 68*w**2 + 1151*w - 283. Give q(30).
47
Let y(o) = -3*o**2 + 276*o + 19035. Determine y(-46).
-9
Let p(w) = 3*w**3 + 1394*w**2 + 2305*w - 4628. Give p(-463).
2
Let w(h) = -52100*h**2 + 3125998*h + 115. Determine w(60).
-5
Let y(o) = -2213*o - 6157. What is y(-3)?
482
Let h(t) = 5*t**3 + 38*t**2 - 198*t - 1258. Give h(-9).
-43
Let v(n) = -510*n**3 + 2*n**2 - 43*n + 41. Determine v(1).
-510
Let u(a) = 47*a**2 + 120*a - 25385. Determine u(22).
3
Let p(v) = 159*v**2 + 793*v - 3. Calculate p(-5).
7
Let g(l) = l**3 - 8*l**2 + 43*l + 9. What is g(0)?
9
Let m(z) = z**3 - 32*z**2 - 4788*z + 149394. Determine m(31).
5
Let w(m) = 43*m**2 + 56*m + 33. Calculate w(-2).
93
Let p(y) = 14*y**2 - 156*y - 27. Determine p(12).
117
Let c(h) = -1964*h + 9781. What is c(5)?
-39
Let r(n) = -53*n + 2553. Give r(52).
-203
Let g(s) = -706*s**3 + 246*s**2 + 248*s + 2. Determine g(-1).
706
Let y(u) = -u**3 - 7*u**2 + 57*u + 102. Determine y(-11).
-41
Let a(t) = -2*t**2 + 406*t + 42. Calculate a(203).
42
Let i(m) = -m**3 - 9*m**2 + 73*m + 570. Determine i(-11).
9
Let k(c) = -6*c**2 + 9160*c + 55348. Calculate k(-6).
172
Let r(m) = -2*m**3 - 51*m**2 + 149*m + 48. Give r(-28).
-204
Let o(x) = 1876*x + 89202. Determine o(-47).
1030
Let s(t) = -61*t**